ided by 135?
134
What is the remainder when 8166 is divided by 8137?
29
Calculate the remainder when 70771 is divided by 22.
19
Calculate the remainder when 8619 is divided by 1296.
843
Calculate the remainder when 168699 is divided by 13.
11
What is the remainder when 15873 is divided by 1212?
117
Calculate the remainder when 8461 is divided by 35.
26
Calculate the remainder when 260394 is divided by 9.
6
What is the remainder when 4485 is divided by 1355?
420
What is the remainder when 614896 is divided by 26?
22
Calculate the remainder when 24527 is divided by 44.
19
What is the remainder when 151544 is divided by 12?
8
Calculate the remainder when 635061 is divided by 2940.
21
What is the remainder when 434106 is divided by 75?
6
Calculate the remainder when 9138 is divided by 119.
94
What is the remainder when 5220 is divided by 1702?
114
What is the remainder when 1748 is divided by 571?
35
What is the remainder when 49128 is divided by 315?
303
What is the remainder when 141607 is divided by 73?
60
Calculate the remainder when 312910 is divided by 424.
422
Calculate the remainder when 15313 is divided by 15304.
9
What is the remainder when 169651 is divided by 493?
59
What is the remainder when 730 is divided by 4?
2
Calculate the remainder when 58561 is divided by 29260.
41
Calculate the remainder when 557499 is divided by 73.
71
Calculate the remainder when 1892 is divided by 392.
324
What is the remainder when 1029130 is divided by 64?
10
What is the remainder when 2749 is divided by 2663?
86
What is the remainder when 48797 is divided by 5?
2
Calculate the remainder when 469 is divided by 96.
85
What is the remainder when 12241 is divided by 352?
273
What is the remainder when 188897 is divided by 417?
413
What is the remainder when 30949 is divided by 19?
17
What is the remainder when 39749 is divided by 250?
249
Calculate the remainder when 3111 is divided by 65.
56
Calculate the remainder when 211389 is divided by 72.
69
What is the remainder when 1554 is divided by 1436?
118
What is the remainder when 2676 is divided by 191?
2
What is the remainder when 6947 is divided by 89?
5
Calculate the remainder when 212915 is divided by 70962.
29
What is the remainder when 2110 is divided by 316?
214
What is the remainder when 139542 is divided by 323?
6
Calculate the remainder when 2290923 is divided by 1729.
1727
What is the remainder when 512 is divided by 189?
134
What is the remainder when 228 is divided by 44?
8
Calculate the remainder when 7069 is divided by 334.
55
Calculate the remainder when 8480 is divided by 529.
16
Calculate the remainder when 46219 is divided by 215.
209
What is the remainder when 1375840 is divided by 8141?
11
What is the remainder when 11690 is divided by 44?
30
What is the remainder when 70323 is divided by 104?
19
Calculate the remainder when 16014 is divided by 2665.
24
What is the remainder when 352113 is divided by 176052?
9
What is the remainder when 184533 is divided by 233?
230
What is the remainder when 20255 is divided by 96?
95
Calculate the remainder when 9707976 is divided by 2891.
2889
Calculate the remainder when 10562 is divided by 278.
276
Calculate the remainder when 113763 is divided by 283.
280
Calculate the remainder when 290689 is divided by 28.
21
Calculate the remainder when 5721 is divided by 184.
17
Calculate the remainder when 100047 is divided by 104.
103
What is the remainder when 89281 is divided by 22318?
9
Calculate the remainder when 128088 is divided by 10.
8
What is the remainder when 2116 is divided by 54?
10
What is the remainder when 796 is divided by 218?
142
Calculate the remainder when 28298 is divided by 555.
548
What is the remainder when 3946 is divided by 327?
22
What is the remainder when 34798 is divided by 58?
56
Calculate the remainder when 277998 is divided by 50.
48
Calculate the remainder when 9294 is divided by 143.
142
What is the remainder when 24215 is divided by 87?
29
What is the remainder when 12569 is divided by 3129?
53
Calculate the remainder when 5948 is divided by 1628.
1064
What is the remainder when 760453 is divided by 129?
127
What is the remainder when 2913 is divided by 12?
9
Calculate the remainder when 2803 is divided by 69.
43
Calculate the remainder when 419563 is divided by 415.
413
Calculate the remainder when 6325 is divided by 18.
7
Calculate the remainder when 202172 is divided by 72.
68
What is the remainder when 32980 is divided by 16413?
154
Calculate the remainder when 79138 is divided by 13185.
28
What is the remainder when 8097 is divided by 180?
177
What is the remainder when 1037 is divided by 358?
321
Calculate the remainder when 4177 is divided by 906.
553
Calculate the remainder when 175802 is divided by 58.
4
What is the remainder when 5497 is divided by 181?
67
What is the remainder when 13100 is divided by 85?
10
What is the remainder when 446 is divided by 410?
36
Calculate the remainder when 260041 is divided by 130020.
1
Calculate the remainder when 81040 is divided by 13.
11
Calculate the remainder when 107177 is divided by 26780.
57
Calculate the remainder when 25693 is divided by 1975.
18
What is the remainder when 45449 is divided by 92?
1
What is the remainder when 44278 is divided by 54?
52
Calculate the remainder when 19768 is divided by 16.
8
Calculate the remainder when 8957 is divided by 31.
29
What is the remainder when 1962 is divided by 30?
12
What is the remainder when 58031 is divided by 219?
215
Calculate the remainder when 142835 is divided by 67.
58
Calculate the remainder when 692943 is divided by 322.
321
Calculate the remainder when 3302947 is divided by 350.
347
Calculate the remainder when 363262 is divided by 128.
126
Calculate the remainder when 6964 is divided by 93.
82
What is the remainder when 37306 is divided by 151?
9
What is the remainder when 25705 is divided by 1296?
1081
Calculate the remainder when 1159202 is divided by 3331.
14
Calculate the remainder when 7668 is divided by 559.
401
What is the remainder when 4644 is divided by 1114?
188
Calculate the remainder when 11722 is divided by 77.
18
Calculate the remainder when 86356 is divided by 17264.
36
What is the remainder when 15222 is divided by 46?
42
Calculate the remainder when 8251 is divided by 7.
5
What is the remainder when 1475 is divided by 296?
291
Calculate the remainder when 207434 is divided by 7.
3
Calculate the remainder when 587 is divided by 579.
8
What is the remainder when 25844 is divided by 199?
173
What is the remainder when 4761 is divided by 297?
9
Calculate the remainder when 5809 is divided by 57.
52
Calculate the remainder when 549879 is divided by 183293.
0
What is the remainder when 5620 is divided by 177?
133
What is the remainder when 11080 is divided by 5540?
0
Calculate the remainder when 494538 is divided by 313.
311
What is the remainder when 95115 is divided by 638?
53
What is the remainder when 21416 is divided by 610?
66
Calculate the remainder when 6116 is divided by 36.
32
What is the remainder when 7015 is divided by 473?
393
Calculate the remainder when 76482 is divided by 38238.
6
Calculate the remainder when 46141 is divided by 721.
718
Calculate the remainder when 19949 is divided by 75.
74
What is the remainder when 1338242 is divided by 1197?
1193
Calculate the remainder when 257876 is divided by 28.
24
Calculate the remainder when 27938 is divided by 458.
0
What is the remainder when 2001 is divided by 202?
183
What is the remainder when 689992 is divided by 172497?
4
What is the remainder when 15510 is divided by 47?
0
Calculate the remainder when 643202 is divided by 214393.
23
Calculate the remainder when 1571 is divided by 1497.
74
What is the remainder when 86183 is divided by 1150?
1083
What is the remainder when 4119 is divided by 161?
94
What is the remainder when 286772 is divided by 32?
20
Calculate the remainder when 734828 is divided by 676.
16
Calculate the remainder when 34504 is divided by 486.
484
What is the remainder when 9491 is divided by 2126?
987
Calculate the remainder when 29043 is divided by 122.
7
What is the remainder when 4331 is divided by 1415?
86
Calculate the remainder when 6456 is divided by 541.
505
Calculate the remainder when 382041 is 